ime factors of u?
3
Let b = -243 - -416. What are the prime factors of b?
173
Let a(k) = -k**3 + 6*k**2 + 10*k - 10. List the prime factors of a(7).
11
Suppose 1 = -5*b + 316. What are the prime factors of b?
3, 7
List the prime factors of (-14 - -15)*(2 + 0).
2
Suppose 0 = -0*m - m + 11. Suppose -94*h + 16 = -90*h. Suppose -q + k + m = 0, q = -h*q - 5*k + 55. List the prime factors of q.
11
Let i = 1 + 22. Suppose -5*c + i = 8. Let k(m) = m**2 - m + 1. What are the prime factors of k(c)?
7
Let i(c) = -c**2 - 17*c - 9. List the prime factors of i(-12).
3, 17
Let z(w) = -w**2 + 12*w - 8. Let g be z(11). Suppose 3*q = 5*r + 27, g*q - 4*r + 7*r = 51. What are the prime factors of q?
2, 7
Suppose 0*t + x = -5*t + 117, 5*t + 3*x = 111. Suppose y = 6*y + 3*v + 55, -2*v = -y - t. Let h = y - -26. List the prime factors of h.
2, 3
Suppose a - 8 = 5*w, -3*a + 73 = -3*w + 1. List the prime factors of a.
2, 7
Let x be 3/(22/16 - 1). Let f = 21 - x. List the prime factors of f.
13
Suppose 14*o = 16*o - 484. List the prime factors of o.
2, 11
Suppose -3*t = -5*a - 5 - 2, 14 = -2*a + 4*t. Let j be (-1 - 3/(-3))*a. Suppose j*q - w = -q + 16, 3*q - 53 = 4*w. What are the prime factors of q?
11
Let i(y) = -14*y - 40. List the prime factors of i(-6).
2, 11
Let y = 209 - 53. List the prime factors of y.
2, 3, 13
Let u = 127 + -52. What are the prime factors of u?
3, 5
Let w(r) = r**2 + 2*r - 3. What are the prime factors of w(5)?
2
Suppose 4 = 5*j - 6. Suppose -2*b + 3*w + 5 = 0, b + j*b + 2*w = 40. List the prime factors of b.
2, 5
Suppose -3 = -3*h - 0*h. Let t be (5 - 4)/(h/10). Suppose 3*w + 4*m = 35, -3*m - 2 = t. List the prime factors of w.
17
Let m(c) = -c**3 - 11*c**2. Let j be m(-11). Let x = j - -4. List the prime factors of x.
2
Suppose 2*p = -3*p + 75. Let r(i) = -i + 3. Let c be r(0). Suppose -l = -c*m - 3*l + p, -4*m - l = -15. What are the prime factors of m?
3
Suppose -y - 56 = -2. Let g = -29 - y. List the prime factors of g.
5
Let k be 9/(-6)*(-32)/12. Suppose 5*p - 3*f - 86 = 0, 2*p - 3*p - k*f = -31. What are the prime factors of p?
19
Let f(d) = -5*d - 16. Let a(k) = -1. Let q(v) = -6*a(v) + f(v). What are the prime factors of q(-5)?
3, 5
Suppose -3*c = 2*r - 13, c - 3*r + 2 = 2*c. Let i = c + 0. Suppose 0 = -3*k + 2*s + 26 - i, -3*s + 35 = 5*k. List the prime factors of k.
7
Suppose -2*p + s + 266 = 0, 4*p + 4*s = 7*p - 404. What are the prime factors of p?
2, 3, 11
Let m(o) = -o + 12. Let c be m(9). Suppose -c*z = -9 - 21. What are the prime factors of z?
2, 5
Let k = 4 + -4. Suppose 5*t + 3 = 2*y, k = -3*y - 2*t - 3*t - 33. Let w(n) = n**2 + 3*n - 2. List the prime factors of w(y).
2
Let k(n) = -n**2 - 5*n. Let j be k(-5). Suppose -3*t = -4*r - 5, 35 = -2*t - j*t - 5*r. What are the prime factors of (-16)/t - 1/5?
3
Let q(h) = -h**3 - 5*h**2 + 5*h - 14. What are the prime factors of q(-8)?
2, 3, 23
Let v(i) = 4*i**2 - i + 1. Let t be v(2). Let f be ((-8)/(-6))/(2/t). Let d = -6 + f. What are the prime factors of d?
2
Suppose 6*m - 7*m + 88 = 0. List the prime factors of m.
2, 11
Suppose -4*g + 1 = 9. List the prime factors of (-4)/8 - 19/g.
3
Suppose 2*r = 4*r - 2*v - 34, -3*r = v - 31. Suppose 2*s + s - r = 0. What are the prime factors of s?
2
What are the prime factors of 7 + (-3 - -2) + 2?
2
Let p(f) = -f**3 - 4*f**2 + 11*f + 4. Let b be p(-6). What are the prime factors of (b*4 - 3)*1?
37
Let j(q) = q + 1. Let u be j(6). Let p be (u/(-14))/(1/(-12)). Suppose 2*g - 17 = 3*z, -3 + p = 3*z. List the prime factors of g.
2, 5
Let t(r) = r**2 + 12*r - 11. Let g(x) = -x**2 - 6*x + 6. Let i(c) = -7*g(c) - 4*t(c). List the prime factors of i(4).
2, 13
What are the prime factors of 154*((-52)/(-8) + -4)?
5, 7, 11
Let j(s) be the second derivative of s**5/20 + s**4/2 + 7*s**2/2 - s. Suppose -6*w + 5*w - 6 = 0. List the prime factors of j(w).
7
Let v(i) = 13*i + 16. What are the prime factors of v(12)?
2, 43
Let f = 11 - 6. Suppose -3*b + 2*a = a - 7, 3*b = -a + f. Suppose 4*u = -s - 7 + 22, b*s = u + 21. List the prime factors of s.
11
Let o = 23 - 13. Let b(m) = m + 12. Let i be b(-10). Suppose -o = -i*x + 6. What are the prime factors of x?
2
Suppose 3*a = 2*a + 3. Suppose 0*d - d - 4 = -a*o, 2*o + 2*d = 0. Let s = o - -2. List the prime factors of s.
3
Let y(s) = s + 4. What are the prime factors of y(12)?
2
Let m(i) = 6*i - 15. Let r be m(13). Suppose 0 = 3*a - 0*a - r. What are the prime factors of a?
3, 7
Suppose 4*k - 7 = 9. Suppose -h + 13 = 2*q - 10, 12 = k*q. What are the prime factors of h?
17
Let m be -2 + -1 - 11/(-1). Suppose -m = -2*p - 0. Suppose 19 = -3*k + 4*s + 99, -p*k + 75 = s. List the prime factors of k.
2, 5
Let b = 1 - -2. List the prime factors of b*2 + -5 + 7.
2
Let c be 2/(-4)*2*-2. Suppose 0 = 3*z + c*u - 47, -2*u + 29 = -4*z + 87. List the prime factors of z.
3, 5
Let r be (-1)/(-5) - (-18)/10. Let z(f) = -5*f + r*f + 2*f. What are the prime factors of z(-5)?
5
Let r(f) = f**3 - 6*f**2 + 3*f - 5. Suppose 0*j - j = -3. Suppose -j*d = -4*d + 6. List the prime factors of r(d).
13
Suppose a - 6*a - 44 = -3*f, 0 = 3*f + 5*a - 4. Let o = -6 + f. What are the prime factors of o?
2
Let m = 11 + 8. List the prime factors of m.
19
Let w = -65 - -101. List the prime factors of w.
2, 3
Let l(x) = 4*x**3 + 4*x - 1. List the prime factors of l(4).
271
Let j(x) = -x. Let o be j(-3). Let y be 13 + (3 - 2)*o. Suppose 2*p - 6*p + y = 4*t, p + 20 = 5*t. List the prime factors of t.
2
Suppose 24 = h - 9. Suppose 0 = -y + h + 8. List the prime factors of y.
41
Suppose -10 = -5*c + 5*i, 6 = 4*c + 2*i + 4. Let m be 3 + 0 + (2 - 3). Let o = m + c. List the prime factors of o.
3
Suppose -5*z = -4*u - 19, -4*u + 37 = 6*z - 3*z. Let n be z + 1 - 0/(-2). Suppose -n = -2*c - 3*h - 2*h, 4*h - 28 = -4*c. List the prime factors of c.
3
Let z(g) = -2*g + 5. Let o be z(-5). Suppose 3*q + o = 0, 3*n - 3 = -q - 2. What are the prime factors of 1 - 0 - (n + -7)?
2, 3
Suppose -24 = -4*r + 4*d, 2*r + 5*d = 34 + 6. Suppose 2*s = -s - 21. Let t = r + s. What are the prime factors of t?
3
Let h(g) = -4 - 4*g - 9*g + 6*g**2 + g**3 + 3*g. List the prime factors of h(-7).
17
Let h(a) = 3*a - 2. Let s = 9 + -3. Let i be h(s). Suppose b + 4*l = -7 + 22, -b - 5*l = -i. What are the prime factors of b?
11
Let b(y) = -3*y + 1. Let z be b(2). Let s(p) be the third derivative of -p**4/24 - p**3/3 + 28*p**2. List the prime factors of s(z).
3
Let f(u) = -u + 5. Let m be f(0). Suppose -m*b + 51 = -19. What are the prime factors of b?
2, 7
Suppose 0 = -4*s + 3*s + 2*q + 147, 0 = s - 3*q - 143. What are the prime factors of s?
5, 31
Suppose -c = 4*c - 155. Suppose -5*i + i = -5*q - c, 5*i - 50 = 4*q. List the prime factors of i.
2, 7
Let n = -8 + 8. Suppose n = z + 8 - 1. List the prime factors of (-2)/z - (-117)/7.
17
Let r(j) = j**2 - 9*j - 17. What are the prime factors of r(15)?
73
Let o = -2 - -9. List the prime factors of o.
7
Let r(k) = k - 9. Let i be r(5). Let c be 10/(-4)*8/i. Suppose 3*m - 4 - c = 0. What are the prime factors of m?
3
Let i(s) = s + 7. Let l be i(-7). Suppose l + 9 = 3*k. List the prime factors of k.
3
Let x = 25 + -11. Suppose 5*q + 10 = 0, x = -z + 3*z + 4*q. Suppose 11 = 2*n - z. List the prime factors of n.
11
Let n be ((-3)/2)/((-2)/(-16)). Let g = -6 - n. What are the prime factors of g?
2, 3
Suppose -4*r - 3*p + 133 + 7 = 0, -r + p + 35 = 0. Let i = -6 + r. List the prime factors of i.
29
Let i be 5/(-2)*(-8)/10. Suppose -i*p - 2 = -4*p. List the prime factors of (p/(-2))/(1/(-12)).
2, 3
Suppose 5*x = v + 241 - 65, 0 = -5*x - v + 184. Suppose -4*a + x = -2*a. Suppose 0 = -3*j - 0*j + a. What are the prime factors of j?
2, 3
Let l = -3 + 3. Suppose 7*w - 2*w + c + 6 = l, 2*c = -5*w - 7. List the prime factors of (-7)/w + 0/(-3).
7
List the prime factors of (-215)/(-45) + -5 - (-308)/9.
2, 17
Suppose 8 = 2*v - 42. Let o = -4 + v. What are the prime factors of o?
3, 7
Suppose 0 = -26*b - 1734 + 13200. List the prime factors of b.
3, 7
Let l(b) = 9*b - 17. What are the prime factors of l(26)?
7, 31
Let r = 195 - 137. List the prime factors of r.
2, 29
Let f = -21 - -26. List the prime factors of f.
5
What are the prime factors of ((-18)/15)/((-6)/225)?
3, 5
Let y = 361 - 242. What are the prime factors of y?
7, 17
Let k(s) be the seco